12. Suppose -n*o - o = -4*r + 7, -5*r + 2 = -3*o. List the prime factors of (-123)/o - -2*4/(-12).
13
Let x = -38103 + 58855. What are the prime factors of x?
2, 1297
Let a be (8/66*-3)/(14/(-77)). Let l be 4/(-6)*(-4 - 2). Suppose -i + 27 = a*r, 12 = i + l*r + r. List the prime factors of i.
37
Let s = 363 + 484. Suppose 2*u + 131 = -i, -4*i + 4*u = -275 + s. Let d = 363 + i. What are the prime factors of d?
2, 7
Let f = 83 - -679. Let u = f + -495. What are the prime factors of u?
3, 89
Let r(o) = -o**2 - 10*o + 12. Let q be r(-9). Suppose -2*g - 3*l + q = 0, -4*l + 2*l - 6 = 0. What are the prime factors of g/(-12)*24/(-1)?
2, 3, 5
List the prime factors of -7 + (322/(-46) + 8735/3)*6.
3, 5807
Let z(g) = -135*g**3 - 4*g**2 - 3*g - 1. Let o be z(-2). Suppose -11*f + 7*f - i = -o, 0 = 5*f + 3*i - 1338. What are the prime factors of f?
3, 89
Let m = 25652 - 7465. What are the prime factors of m?
13, 1399
Suppose 0 = m + 5*j + 25, 2*m - m = 2*j + 10. Suppose m = -15*n + 10*n + 25. What are the prime factors of 4 + n*2/5 + 43?
7
Suppose 95*a - 1442626 - 32654 = -13*a. What are the prime factors of a?
2, 5, 683
Suppose 5*i - 200 = 15*i. List the prime factors of (-84)/(-8)*i/(-6).
5, 7
Let p = -31 - -33. Let h(v) = v**2 - 6*v + 2. Let m be h(p). Let s(q) = -q**3 - 5*q**2 + 10. List the prime factors of s(m).
2, 23
Let h(k) = -3*k**3 - 6*k**2 - 2. Let o = 43 - 41. Suppose -o*s - 2*x = 20, 8*s = 12*s + 2*x + 30. List the prime factors of h(s).
223
Suppose 39*k + 108 = 93*k. Suppose -3*c + 574 = -602. Suppose 588 = 3*r + 2*o, 6*o - c = -k*r + 9*o. List the prime factors of r.
2, 7
Let i = 568 - 385. Let f = i - -28. What are the prime factors of f?
211
Let q be (1 - -57)*(20/8)/1. Suppose 5*g + 4*p = -q, 0 = -0*p - 3*p. Let l = 19 - g. What are the prime factors of l?
2, 3
Let b = 230 + -218. Suppose -b*o = 26*o - 28614. What are the prime factors of o?
3, 251
Let j = -3768 - -5534. Let v = -1204 + j. What are the prime factors of v?
2, 281
Let g be (16/8)/((-1)/(-1)). Let v(p) be the first derivative of 41*p**3/3 + p**2/2 - 5*p + 42. What are the prime factors of v(g)?
7, 23
Let q(y) = 128*y - 1. Let f = 34 - 33. Let z be q(f). Suppose -29 + z = p. What are the prime factors of p?
2, 7
Let f(j) = j**2 - 18*j - 14. What are the prime factors of f(30)?
2, 173
Let b(c) = 40*c + 16. Let k = -223 + 225. List the prime factors of b(k).
2, 3
Suppose 11*i = 5*c - 30112, 0*i = -2*c - 3*i + 12104. What are the prime factors of c?
2, 5, 151
Let q(b) = 525*b**2 - 7*b - 4. Let k be q(2). Let h = k + -1261. List the prime factors of h.
821
Let n = 38 - 25. Suppose 4*f = -3*a + 4012, -4028 = -17*f + n*f + a. List the prime factors of f.
2, 503
Suppose -5*c = -2*c - 15. Let h(l) = 19*l + 35. Let i be h(c). What are the prime factors of 1 + -1 + i + -1?
3, 43
Let x(p) = -p + 12. Let f be x(8). Let n be 20*f/((-40)/(-85)). Suppose 0 = 2*y - n - 100. What are the prime factors of y?
3, 5
What are the prime factors of (29814/24)/((-4)/(-80))?
5, 4969
Let q = -9839 - -21809. What are the prime factors of q?
2, 3, 5, 7, 19
Suppose 4*q - 32 = 3*g + g, -5*q = -3*g - 26. List the prime factors of (19/(-2))/(g/126).
3, 19
Suppose -3*l = 12, -13*l - 16624 = -4*n - 8*l. What are the prime factors of n?
7, 593
Let x be 16/8*(-237)/(-6). Suppose -5*f - x = -349. List the prime factors of 660/f - (-2)/(-9).
2, 3
Let n = -227 + 240. Suppose 21*i = n*i + 1856. List the prime factors of i.
2, 29
Suppose -470 = -v + 5*g - 24, v - 486 = -5*g. Let j = v + 560. List the prime factors of j.
2, 3, 19
Let l = 37 - 27. Let x(g) = -2*g + 25. Let j be x(l). Suppose 3*k = -5*a + 785, 0*k + 4*k + j*a - 1050 = 0. What are the prime factors of k?
5, 53
What are the prime factors of ((-2794)/9)/(26/(-702))?
2, 3, 11, 127
Let d(w) = 6*w**2 + 5*w + 5. Let u be d(6). Let t be -1 - (330/6)/(-1). Let p = u - t. List the prime factors of p.
197
Suppose 6*p = 16*p. Suppose p = -11*b + 10*b + 27. What are the prime factors of (-45)/b - 176/(-3)?
3, 19
Suppose -24 = 14*u - 15*u. Suppose u*s - 27*s = -636. List the prime factors of s.
2, 53
Let d(n) = -n**3 + 23*n**2 - 32*n + 14. Let u be ((-1)/(-4)*-6)/((-1)/14). What are the prime factors of d(u)?
2, 7
Suppose g - 16854 = -108*x + 105*x, g - 3 = 0. List the prime factors of x.
41, 137
List the prime factors of (-1 - 14762/(-4))/((-1)/(-2)).
47, 157
Let k(u) = -2*u**2 - 2*u + 106. Let s be k(0). Let i = -101 + s. Suppose -i*r - 3*y + 60 = 0, r + r - 4*y = -2. What are the prime factors of r?
3
Let l be ((-5430)/75)/((-2)/(-40)). Let t = l - -2156. List the prime factors of t.
2, 3, 59
Suppose 24410 + 310144 = 66*d. List the prime factors of d.
37, 137
Suppose -5*t + 200 = 2*o - 245, -5*t - 5*o + 445 = 0. Let y be (-284)/(-3)*6/4. Let p = y - t. What are the prime factors of p?
53
Let j be (-3)/2 - 30/20. List the prime factors of ((-1)/3)/(27/17118)*j.
2, 317
List the prime factors of 1710/120*(-5992)/(-21).
2, 19, 107
Suppose -84*y = -63 - 105. Let q = 4 - 10. What are the prime factors of (-242 - 28/4)*y/q?
83
Let y be -4*5/20*-2. Suppose -29 = -2*h + f, -f - 25 = -y*h + 4*f. Suppose 14*n = h*n - 9. What are the prime factors of n?
3
Let x = 30493 - 7919. List the prime factors of x.
2, 11287
Let m(p) = 62*p**3 + 2*p**2 - 3*p + 7. What are the prime factors of m(3)?
2, 5, 13
Let q = 6604 + -634. Suppose -13*j = -23*j + q. What are the prime factors of j?
3, 199
Let n = 302 + -300. Suppose 0 = n*h + 2*t - 0*t - 1360, 0 = 3*h + 5*t - 2036. List the prime factors of h.
2, 11, 31
Let k = 7 - 0. Suppose 0 = k*f - 12*f + 10. Suppose j + 412 = -3*u + 6*u, -j - 274 = -f*u. List the prime factors of u.
2, 3, 23
Let t be 1732052/161 - 4/46. Suppose t = -187*z + 198*z. What are the prime factors of z?
2, 3, 163
Let z = 2825 - -1133. List the prime factors of z.
2, 1979
Let k = 10848 - -13660. List the prime factors of k.
2, 11, 557
Suppose x + 3*b = 462, -2250 = -5*x + 44*b - 39*b. What are the prime factors of x?
3, 151
Let d(r) = 7*r**2 + 49*r + 14. Let s be d(-7). Suppose -s = -14*b + 5866. What are the prime factors of b?
2, 3, 5, 7
Let d = -140 + 143. Let c(w) = -8*w**2 - 9*w + w**2 + w**2 - w**d - 8 + 4. List the prime factors of c(-6).
2, 5
Let z(t) be the first derivative of 10/3*t**3 + 26 + 3/2*t**2 - 2*t. What are the prime factors of z(2)?
2, 11
Let k be (-232 - -3)/((-3)/3). Let l = k + 72. Let o = l + -166. List the prime factors of o.
3, 5
Suppose g = -5*b + 24659, 213*b - 73990 = -3*g + 211*b. What are the prime factors of g?
2, 3083
Suppose -156 = -5*c + 4*q, -4*q - 68 = -2*c - q. Suppose 0 = 4*s - 5*l + 38, 3*s + c = -0*s + 4*l. What are the prime factors of (-1 + 3)*(-834)/s?
139
Let j(m) = 1166*m - 1. Let n be j(1). Suppose -4*x = -56*l + 52*l - 948, 5*x = -5*l + n. List the prime factors of x.
5, 47
Let m(j) = -20*j**2 + 104*j - 60. Let h be (3/2)/((-5)/10). Let n(k) = -4*k**2 + 21*k - 12. Let a(z) = h*m(z) + 14*n(z). List the prime factors of a(8).
2, 31
Suppose 11884 = 46*q - 53804. List the prime factors of q.
2, 3, 7, 17
Let l be 1044/(-27) - 16/12. What are the prime factors of (-5596)/l - 14/(-140)?
2, 5, 7
Let s(t) = 4*t**2 - t + 3. Let m be s(5). Suppose 5418 - 17947 = -67*h. Let l = h - m. What are the prime factors of l?
89
Suppose 2*i - 15128 = z, 24*z = 25*z. List the prime factors of i.
2, 31, 61
Let k = 36 - -78. Let n be k*(-2)/(-6 + 0). List the prime factors of n/19 - (-3 - -2)*3.
5
Suppose -76*h = -72*h - 18552. What are the prime factors of h?
2, 3, 773
Suppose 0 = 4*z - 4*y + 864, 5*z + 1087 = -7*y + 5*y. Let q = z - -438. List the prime factors of q.
13, 17
Let x = -246 + 418. Suppose x + 194 = r - u, -u = -3*r + 1088. List the prime factors of r.
19
Let v be 6/54 - (-56)/(-18). Let k(j) = -291*j - 5. List the prime factors of k(v).
2, 7, 31
Suppose 839*t - 47920 = 831*t. What are the prime factors of t?
2, 5, 599
Let j(q) = 2688*q - 2401. List the prime factors of j(10).
7, 13, 269
Let d = -142 - -140. Let a be -12*13/d + (2 - 0). Suppose -20*h + 15*h = -a. What are the prime factors of h?
2
Let n(b) = b**3 + 7*b**2 - 1. Let p be n(-3). Let d be p/11 - (-10)/(-55). Suppose -i - 3*r + 48 = -12, -d*i + 4*r + 245 = 0. What are the prime factors of i?
3, 5
Suppose 11*f + 24 = 90. Suppose -i + 2*s + 220 = f*s, -i + 250 = -